*g - 2*k = -18. Suppose 15 = 5*b, -g*b = -d + 2 - 21. Calculate v(d).
-8
Let s(n) be the first derivative of -n**4/4 - 2*n**3 + 5*n**2/2 - 9*n - 201. What is s(-7)?
5
Let k(x) = -12*x**2 - 8*x - 4. Let r(a) = -a**2 - 1. Let b = -85 - -86. Let d(l) = b*k(l) - 10*r(l). Give d(-6).
-18
Let w(x) = -3 + 116*x - 42*x - 69*x + x**3 + 4*x**2. Calculate w(-3).
-9
Let i = 404 + -409. Let c(r) = r**2 + 4*r - 3. Give c(i).
2
Let p(i) = 2*i**3 + i**2 - i + 4. Let m be p(0). Let a be m - (-12)/(-2 + -1). Suppose -2*w = -a*w. Let g(r) = -r - 9. Determine g(w).
-9
Let i(p) = -p**3 - 15*p**2 - 17*p - 34. Let q be i(-14). Let y(r) = 3 - 3*r**3 + 2*r**3 + 8*r + 4 + 7*r**2. Determine y(q).
7
Let j(w) = -w + 10. Let k be j(-9). Suppose 5*o - 6*o - 15 = 0. Let f = o + k. Let q(c) = c**3 - 5*c**2 + 4*c - 6. Determine q(f).
-6
Let z = -7 + 10. Let c(o) = -o**2 + 3*o - 4. Calculate c(z).
-4
Let x(c) be the third derivative of c**4/6 - 91*c**2. Let t be 168/(-18) + (-1)/(-3). Let z be (-1)/(-2) - t/(-6). Calculate x(z).
-4
Let s(i) be the second derivative of -29*i + 0 + 3*i**2 - 1/2*i**3. Calculate s(4).
-6
Suppose 5*t + 3 = 23. Suppose -t*o = -6*o. Suppose 0 = -o*v + 3*v. Let k(c) = -c**3 + c**2 - 5. Calculate k(v).
-5
Let m(a) = -a**2 + 5*a - 8. Let w be (-15 - -13)/(-1 - 4/(-6)). What is m(w)?
-14
Let u(x) = x**3 - 11*x**2 - 21*x + 30. Let h be u(13). Let s = -104 + h. Let d(y) = -y. Give d(s).
9
Suppose 0 = 2*q, -2*r + q + 196 = -4*q. Let n(s) = -99*s**2 + r*s**2 + 6 - 8*s + 16*s. What is n(7)?
13
Let i(u) be the first derivative of -u**6/120 + u**5/10 - u**4/12 + 4*u**3/3 + 13*u**2/2 + 11. Let r(f) be the second derivative of i(f). Calculate r(6).
-4
Let h(d) be the first derivative of 4*d**3/3 + 2*d**2 + d - 77. Give h(-3).
25
Let l(u) be the first derivative of u**3/3 - 3*u**2/2 + 4*u + 58. What is l(3)?
4
Let n = -183 - -169. Let u(y) = y**3 + 15*y**2 + 13*y - 13. Give u(n).
1
Let r(v) = v**3 - 6*v**2 + 5*v + 4. Let s(f) = -f**3 + 6*f**2 - 4*f - 3. Let t(n) = 5*r(n) + 6*s(n). Calculate t(5).
32
Let v(y) be the first derivative of y**3/3 + 7*y**2/2 + 3*y + 529. Give v(-6).
-3
Let d(y) = y**2 - 6*y + 5. Let k be d(6). Suppose -5*o + 12 = -c, 2*o = -c - 3*c - 4. Let p(j) = -4 + 14*j**2 - 15*j**o - 8*j - k. Determine p(-6).
3
Let m be (38/(-4))/(10/(-20)). Let f = m + -21. Let s(n) = 15*n - 4. Let z(g) = -5*g + 1. Let p(q) = f*s(q) - 7*z(q). Determine p(-1).
-4
Let h(x) = x**3 - 3*x**2 + 2*x - 7. Let p be h(3). Let k(n) = 4*n**2 + n. Determine k(p).
3
Let l(x) = 3*x**3 - 16*x**2 - 12*x + 9. Let k(y) = y**3 - 8*y**2 - 6*y + 4. Let w(s) = 5*k(s) - 2*l(s). Give w(-7).
-5
Let g(v) = v + 1. Suppose 3*t + 15*t = 126. Give g(t).
8
Let g(c) be the second derivative of 3*c**4/4 - c**3/3 - 3*c**2/2 - 88*c + 2. Determine g(-2).
37
Let l be 2/(-8) - (-13)/4. Suppose 0 = 3*n - 6 - l. Let y(f) = 6*f - 2 + 6*f**2 - f**n + 4 + 6 - f. Calculate y(7).
-6
Suppose 2*w = 17*w - 15. Let m(u) = -23*u**2 + 2*u - 1. Determine m(w).
-22
Let g(n) = -n**3 - 3*n**2 + n. Let x be g(-3). Let a(v) be the third derivative of -v**4/8 - 2*v**3/3 - v**2. Calculate a(x).
5
Let o(k) be the third derivative of k**4/24 - 5*k**3/3 - 233*k**2. Determine o(4).
-6
Let u(m) = -4*m + 10. Let c be (-12)/10*(10 - (-455)/(-26)). Calculate u(c).
-26
Let m(j) = -7*j**3 + 0 - 1 - 5*j + 4*j. Let r(o) be the first derivative of -o**4/4 - o**3/3 + o**2/2 + 11. Let d be r(1). Calculate m(d).
7
Let q(m) = m**3 + 4*m**2 - m - 13. Let l(v) = -v**3 - 3*v**2 + v + 9. Let u(t) = -7*l(t) - 5*q(t). Calculate u(-2).
-6
Let a(v) = v**3 - 9*v**2 + 3*v + 13. Let j(t) = t**3 - 9*t**2 + t + 15. Let w(l) = -4*a(l) + 3*j(l). Calculate w(7).
28
Let p be (44/6)/((-6)/9). Let s = p + 9. Let z(y) be the second derivative of -y**5/20 - y**4/4 - y**3/3 - y**2 - 37*y. Give z(s).
-2
Let a(f) = 14*f + 16. Let v(d) = -15*d - 13. Let x(g) = -4*a(g) - 5*v(g). Calculate x(-1).
-18
Let a(l) be the first derivative of l**4/4 + 7*l**3/3 + 2*l + 76. What is a(-7)?
2
Suppose -16*o - 9 = 71. Let q(y) = -3*y - 5. What is q(o)?
10
Let h(g) = -g**3 - g - 3. Let d(r) = -3 + r**2 + 2*r**3 - r**3 - 2*r**3 - r. Let t(v) = -3*d(v) + 4*h(v). Suppose -51*z - 93 = -20*z. Give t(z).
0
Let a(x) = 3*x - 1. Let p(n) = 11*n - 76. Let h be p(7). What is a(h)?
2
Let l(j) = 25*j**2 - 2*j - 7. Let u(c) = -51*c**2 + 5*c + 16. Let h(y) = 9*l(y) + 4*u(y). Calculate h(-1).
20
Suppose 8*t + 17 = -9*t. Let r(u) = 53*u**2 + 2*u + 1. Give r(t).
52
Let s(w) = w + 3. Let y = 59 + -89. Let b be ((-11)/33)/((-2)/y). What is s(b)?
-2
Suppose 3*f - 8 = 4. Let r(a) = -12*a - 13*a + 40*a - f - 11*a. What is r(5)?
16
Let y(n) be the second derivative of 1/20*n**5 + 0*n**3 - 2*n + 0 - 7/12*n**4 + 5/2*n**2. Calculate y(7).
5
Suppose 4*v - 2*f - 4 = -2, 2*v - 5 = -3*f. Let p(u) = -v + 0 + 4*u - 3*u - 3*u. Give p(1).
-3
Let z(s) = -4*s**2 + s**3 + 11*s**2 + s + 4*s - 8. Let x be (-7 - (-42)/6) + 16 + -2. Suppose 3*d + 102 = -x*d. Determine z(d).
-2
Suppose 3*j = 4*s - 1, -2*s + 11 = -4*j - j. Let v be (2/j)/((-2)/12). Let m(t) = -80*t + t**3 + 0 - t**2 - 4*t**2 + 79*t + v. What is m(5)?
-1
Let f(h) = 9*h - 22*h - h**2 + 14*h - 4*h**2 + h**3. Determine f(5).
5
Let q(c) = 20*c + 360. Let s be q(-18). Let t(r) = r - 6. Determine t(s).
-6
Let q(t) = 1. Let m(d) be the first derivative of -d**2/2 + 2. Let v(h) = -m(h) + 2*q(h). Suppose 3*g - 6 = 6. What is v(g)?
6
Let y(l) = -l**2 + 0*l - 3 + 4*l + 0*l. Suppose 0 = -2*w - q + 43, 36 = -4*q + 16. Suppose 36 - w = 4*s. Give y(s).
0
Let o(d) = -d**2 + 9*d + 13. Suppose 16*v - 90 = 6*v. Give o(v).
13
Let i(a) = -38*a**2 - 9*a + 19. Let r(u) = -7*u**2 - 2*u + 4. Let z(p) = 2*i(p) - 11*r(p). Calculate z(-5).
-1
Let g(q) be the first derivative of -3*q**2/2 - 2*q + 2. Suppose 13 = 4*i + 29. Calculate g(i).
10
Let s be 2/(-11) - (-141)/(-11). Let q = -31 - -47. Let n = q + s. Let i(w) = 2*w**2 - 5*w + 4. Give i(n).
7
Let s = 3 - -5. Let n(l) = -16*l - 14. Let d(o) = -3*o - 3. Let w(r) = -5*d(r) + n(r). Determine w(s).
-7
Let h(r) = r. Let b(t) = 3*t - 8. Let n(c) = -b(c) + 4*h(c). Let a(l) = -l - 3. Let w be a(-7). Suppose -3*j = g + 22, 0*g + w = -2*g + 2*j. What is n(g)?
1
Let a(f) = -1. Let y(h) = h**2 - 8*h + 6. Let d(x) = -a(x) + y(x). Let z = -59 + 65. Calculate d(z).
-5
Let o be (-2)/(-6) - (-148)/6. Let q(u) = 2 - 11*u - 10*u + o*u. What is q(-2)?
-6
Let z(x) = -x**3 - 7*x**2 + 8*x - 4. Let m(c) = -3*c**3 - 15*c**2 + 18*c - 7. Let b(d) = -2*m(d) + 5*z(d). What is b(4)?
-6
Suppose 36 = -2*h - 2*y, -63 = 4*h - y + 2*y. Let r be 4*(-2 + h/(-10)). Let z(v) = -3*v. Give z(r).
6
Let p(z) = -z**2 - 8*z + 8. Suppose -6*m = -m - 5*j + 65, -2*m + 5*j - 26 = 0. Determine p(m).
-57
Let r(a) = -6 + 2 + 5 - 2 + 3 - 4*a. Give r(4).
-14
Let o = 135 - 141. Let v(g) = 4*g + 13. Give v(o).
-11
Let t(g) = g**3 + g**2 - g + 2. Suppose -3*b = -0 - 63. Suppose 5*w - 4*x = 23, 4*w - b = 2*x + 1. Suppose 4*m + w = -5. Calculate t(m).
-13
Let a(b) = b**3 - 3*b**2 - 5*b + 4. Let g(n) = 2*n**3 - 7*n**2 - 9*n + 8. Let s(z) = -5*a(z) + 3*g(z). Let x be -4*(-2)/(-12)*-9. Calculate s(x).
-8
Let b(o) = -o**2 - 7*o - 1. Let g be ((-30)/9)/((-14)/(-21)). Let u(a) = -2*a**2 - 7*a + 10. Let w be u(g). What is b(w)?
9
Let s(t) = 6 + 3*t - 2*t + 0 + 4. Let w(n) = -n - 10. Let u(l) = 5*s(l) + 6*w(l). Determine u(-5).
-5
Let t(n) be the first derivative of -n**4/4 - 5*n**3/3 - 3*n**2/2 + 3*n + 150. Calculate t(-4).
-1
Let t be 1/5*4*145/58. Let d(c) = -2 + t - c + 2 - 1. Determine d(1).
0
Let b(f) be the first derivative of -1/3*f**3 + 3*f - 3*f**2 - 6. Let k(y) = -4*y**2 - 18*y + 9. Let n(x) = -7*b(x) + 2*k(x). Calculate n(2).
5
Let k(a) be the second derivative of -a**8/6720 + a**7/360 - a**6/120 - a**5/24 - 53*a**4/12 - 2*a + 1. Let t(r) be the third derivative of k(r). Give t(6).
-5
Let i(u) be the second derivative of -u**3/6 + 2*u**2 - 46*u + 1. Determine i(6).
-2
Let b(u) = u**3 - 8*u**2 + 37*u**2 - 8*u**2 + 0*u**3 + 5 + 5*u - 16*u**2. Calculate b(-4).
1
Let f(n) be the third derivative of n**5/60 + 5*n**4/12 - 13*n**3/6 - n**2 + 329*n. Give f(-12).
11
Let f(c) = -4*c + 193 + 7*c - 188. Calculate f(-2).
-1
Suppose -5*r = -2*a + 304, 2*a = 2*r - 0*r + 298. Suppose 12*p + 27 = a. Let j(d) = -d + 8. Give j(p).
-2
Let v(s) be the third derivative of s**7/5040 - s**6/720 - s**5/2 -